{"id":377,"date":"2015-02-22T20:48:20","date_gmt":"2015-02-22T19:48:20","guid":{"rendered":"http:\/\/www.aite-extremadura.org\/blog\/?page_id=377"},"modified":"2015-02-22T20:55:17","modified_gmt":"2015-02-22T19:55:17","slug":"que-es-a-i-t-e","status":"publish","type":"page","link":"http:\/\/www.aite-extremadura.org\/blog\/que-es-a-i-t-e\/","title":{"rendered":"\u00bfQu\u00e9 es A.I.T.E?"},"content":{"rendered":"<p style=\"text-align: justify;\">Es una Asociaci\u00f3n sin \u00e1nimo de lucro, en el \u00e1mbito de la Comunidad de Extremadura, que integra a los profesionales de Atenci\u00f3n Temprana que voluntariamente solicitan su afiliaci\u00f3n, con el fin de mejorar la calidad de la atenci\u00f3n a los ni\u00f1os en sus primeros a\u00f1os de vida.<\/p>\n<h3 style=\"text-align: justify;\">\u00bfCu\u00e1ndo nace AITE?<\/h3>\n<p style=\"text-align: justify;\">La iniciativa de crear A.I.T.E. surgi\u00f3 a ra\u00edz de participar en la elaboraci\u00f3n del Libro Blanco de la Atenci\u00f3n Temprana y de contactar con profesionales de otras Comunidades Aut\u00f3nomas.<br \/>\nLos Estatutos de la asociaci\u00f3n fueron aprobados y se anunci\u00f3 su constituci\u00f3n legal en el D.O.E. con fecha 6 de marzo de 1999, con Expte. n\u00b0 CA\/83.<\/p>\n<h3 style=\"text-align: justify;\">\u00bfCu\u00e1les son los objetivos de AITE?<\/h3>\n<ul>\n<li style=\"text-align: justify;\">Difundir la importancia de la Intervenci\u00f3n Temprana.<\/li>\n<li style=\"text-align: justify;\">Mejorar la calidad de la Intervenci\u00f3n Temprana.<\/li>\n<li style=\"text-align: justify;\">Potenciar programas de Intervenci\u00f3n Temprana.<\/li>\n<li style=\"text-align: justify;\">Fomentar y promover la formaci\u00f3n de profesionales.<\/li>\n<li style=\"text-align: justify;\">Potenciar la investigaci\u00f3n multidisciplinar.<\/li>\n<li style=\"text-align: justify;\">Potenciar la coordinaci\u00f3n de los profesionales.<\/li>\n<li style=\"text-align: justify;\">Defender los derechos en intereses l\u00edcitos de los asociados.<\/li>\n<li style=\"text-align: justify;\">Colaborar con otras instituciones u organismos en la elaboraci\u00f3n de planes y proyectos de Intervenci\u00f3n Temprana.<\/li>\n<li style=\"text-align: justify;\">Coordinarnos con otras asociaciones y colegios profesionales.<\/li>\n<\/ul>\n<h3 style=\"text-align: justify;\">Nuevos proyectos de AITE<\/h3>\n<ul>\n<li style=\"text-align: justify;\">Esta nueva p\u00e1gina web, actualizada que sirva a los asociados para tener informaci\u00f3n sobre la Atenci\u00f3n Temprana y para compartir ideas con otros profesionales.<\/li>\n<li style=\"text-align: justify;\">Nueva imagen de AITE, con nuevo logotipo y con la idea de participar de forma on-line en la asociaci\u00f3n.<\/li>\n<li style=\"text-align: justify;\">Convenio con la Universidad de Extremadura, para promover investigaciones sobre la Atenci\u00f3n Temprana.<\/li>\n<li style=\"text-align: justify;\">Colaboraci\u00f3n con instituciones como FUTUEX, FEAPS, CERMI, CEDI, CADEX, con algunos de los cuales ya se colabora, pero hay que abrir nuevas v\u00edas, porque con la colaboraci\u00f3n se avanza.<\/li>\n<li style=\"text-align: justify;\">Creaci\u00f3n de una revista extreme\u00f1a de Atenci\u00f3n Temprana, para ello necesitamos la colaboraci\u00f3n de todos los socios y personas interesadas en publicar art\u00edculos. Puede ser on-llne pero pretendemos que tambi\u00e9n se llegue a publicar en papel y se difunda a otras comunidades.<\/li>\n<li style=\"text-align: justify;\">Creaci\u00f3n de un foro de debate donde nos podamos consultar dudas sobre el tratamiento de los ni\u00f1os, las problem\u00e1ticas que nos encontremos, etc.<\/li>\n<li style=\"text-align: justify;\">Organizaci\u00f3n de unas jornadas abiertas de difusi\u00f3n de la Atenci\u00f3n Temprana durante el a\u00f1o 2008. Para ello tambi\u00e9n necesitamos de vuestras ideas y de vuestra colaboraci\u00f3n.<\/li>\n<\/ul>\n","protected":false},"excerpt":{"rendered":"<p>Es una Asociaci\u00f3n sin \u00e1nimo de lucro, en el \u00e1mbito de la Comunidad de Extremadura, que integra a los profesionales de Atenci\u00f3n Temprana que voluntariamente solicitan su afiliaci\u00f3n, con el fin de mejorar la calidad de la atenci\u00f3n a los ni\u00f1os en sus primeros a\u00f1os de vida. \u00bfCu\u00e1ndo nace AITE? La iniciativa de crear A.I.T.E. [&hellip;]<\/p>\n","protected":false},"author":1,"featured_media":0,"parent":0,"menu_order":0,"comment_status":"open","ping_status":"open","template":"","meta":{"_monsterinsights_skip_tracking":false,"_monsterinsights_sitenote_active":false,"_monsterinsights_sitenote_note":"","_monsterinsights_sitenote_category":0,"footnotes":""},"class_list":["post-377","page","type-page","status-publish","hentry"],"_links":{"self":[{"href":"http:\/\/www.aite-extremadura.org\/blog\/wp-json\/wp\/v2\/pages\/377","targetHints":{"allow":["GET"]}}],"collection":[{"href":"http:\/\/www.aite-extremadura.org\/blog\/wp-json\/wp\/v2\/pages"}],"about":[{"href":"http:\/\/www.aite-extremadura.org\/blog\/wp-json\/wp\/v2\/types\/page"}],"author":[{"embeddable":true,"href":"http:\/\/www.aite-extremadura.org\/blog\/wp-json\/wp\/v2\/users\/1"}],"replies":[{"embeddable":true,"href":"http:\/\/www.aite-extremadura.org\/blog\/wp-json\/wp\/v2\/comments?post=377"}],"version-history":[{"count":2,"href":"http:\/\/www.aite-extremadura.org\/blog\/wp-json\/wp\/v2\/pages\/377\/revisions"}],"predecessor-version":[{"id":382,"href":"http:\/\/www.aite-extremadura.org\/blog\/wp-json\/wp\/v2\/pages\/377\/revisions\/382"}],"wp:attachment":[{"href":"http:\/\/www.aite-extremadura.org\/blog\/wp-json\/wp\/v2\/media?parent=377"}],"curies":[{"name":"wp","href":"https:\/\/api.w.org\/{rel}","templated":true}]}}

¿Qué es A.I.T.E?

<p style="text-align: justify;">Es una Asociación sin ánimo de lucro, en el ámbito de la Comunidad de Extremadura, que integra a los profesionales de Atención Temprana que voluntariamente solicitan su afiliación, con el fin de mejorar la calidad de la atención a los niños en sus primeros años de vida.</p>
<h3 style="text-align: justify;">¿Cuándo nace AITE?</h3>
<p style="text-align: justify;">La iniciativa de crear A.I.T.E. surgió a raíz de participar en la elaboración del Libro Blanco de la Atención Temprana y de contactar con profesionales de otras Comunidades Autónomas.<br />
Los Estatutos de la asociación fueron aprobados y se anunció su constitución legal en el D.O.E. con fecha 6 de marzo de 1999, con Expte. n° CA/83.</p>
<h3 style="text-align: justify;">¿Cuáles son los objetivos de AITE?</h3>
<ul>
<li style="text-align: justify;">Difundir la importancia de la Intervención Temprana.</li>
<li style="text-align: justify;">Mejorar la calidad de la Intervención Temprana.</li>
<li style="text-align: justify;">Potenciar programas de Intervención Temprana.</li>
<li style="text-align: justify;">Fomentar y promover la formación de profesionales.</li>
<li style="text-align: justify;">Potenciar la investigación multidisciplinar.</li>
<li style="text-align: justify;">Potenciar la coordinación de los profesionales.</li>
<li style="text-align: justify;">Defender los derechos en intereses lícitos de los asociados.</li>
<li style="text-align: justify;">Colaborar con otras instituciones u organismos en la elaboración de planes y proyectos de Intervención Temprana.</li>
<li style="text-align: justify;">Coordinarnos con otras asociaciones y colegios profesionales.</li>
</ul>
<h3 style="text-align: justify;">Nuevos proyectos de AITE</h3>
<ul>
<li style="text-align: justify;">Esta nueva página web, actualizada que sirva a los asociados para tener información sobre la Atención Temprana y para compartir ideas con otros profesionales.</li>
<li style="text-align: justify;">Nueva imagen de AITE, con nuevo logotipo y con la idea de participar de forma on-line en la asociación.</li>
<li style="text-align: justify;">Convenio con la Universidad de Extremadura, para promover investigaciones sobre la Atención Temprana.</li>
<li style="text-align: justify;">Colaboración con instituciones como FUTUEX, FEAPS, CERMI, CEDI, CADEX, con algunos de los cuales ya se colabora, pero hay que abrir nuevas vías, porque con la colaboración se avanza.</li>
<li style="text-align: justify;">Creación de una revista extremeña de Atención Temprana, para ello necesitamos la colaboración de todos los socios y personas interesadas en publicar artículos. Puede ser on-llne pero pretendemos que también se llegue a publicar en papel y se difunda a otras comunidades.</li>
<li style="text-align: justify;">Creación de un foro de debate donde nos podamos consultar dudas sobre el tratamiento de los niños, las problemáticas que nos encontremos, etc.</li>
<li style="text-align: justify;">Organización de unas jornadas abiertas de difusión de la Atención Temprana durante el año 2008. Para ello también necesitamos de vuestras ideas y de vuestra colaboración.</li>
</ul>

<p>Es una Asociación sin ánimo de lucro, en el ámbito de la Comunidad de Extremadura, que integra a los profesionales de Atención Temprana que voluntariamente solicitan su afiliación, con el fin de mejorar la calidad de la atención a los niños en sus primeros años de vida. ¿Cuándo nace AITE? La iniciativa de crear A.I.T.E. [&hellip;]</p>
